{"id":852,"date":"2021-02-16T16:16:45","date_gmt":"2021-02-16T15:16:45","guid":{"rendered":"https:\/\/landespflege-freiburg.de\/?page_id=852"},"modified":"2021-02-16T16:36:50","modified_gmt":"2021-02-16T15:36:50","slug":"welcome","status":"publish","type":"page","link":"https:\/\/landespflege-freiburg.de\/en\/welcome\/","title":{"rendered":"Welcome"},"content":{"rendered":"<div data-elementor-type=\"wp-page\" data-elementor-id=\"852\" class=\"elementor elementor-852\" data-elementor-post-type=\"page\">\n\t\t\t\t\t\t<section class=\"elementor-section elementor-top-section elementor-element elementor-element-4f3a49d elementor-section-boxed elementor-section-height-default elementor-section-height-default\" data-id=\"4f3a49d\" data-element_type=\"section\" data-e-type=\"section\" data-settings=\"{&quot;background_background&quot;:&quot;classic&quot;}\">\n\t\t\t\t\t\t<div class=\"elementor-container elementor-column-gap-default\">\n\t\t\t\t\t<div class=\"elementor-column elementor-col-100 elementor-top-column elementor-element elementor-element-e315f17\" data-id=\"e315f17\" data-element_type=\"column\" data-e-type=\"column\">\n\t\t\t<div class=\"elementor-widget-wrap\">\n\t\t\t\t\t\t\t<\/div>\n\t\t<\/div>\n\t\t\t\t\t<\/div>\n\t\t<\/section>\n\t\t\t\t<section class=\"elementor-section elementor-top-section elementor-element elementor-element-fbf58f5 elementor-section-boxed elementor-section-height-default elementor-section-height-default\" data-id=\"fbf58f5\" data-element_type=\"section\" data-e-type=\"section\">\n\t\t\t\t\t\t<div class=\"elementor-container elementor-column-gap-default\">\n\t\t\t\t\t<div class=\"elementor-column elementor-col-100 elementor-top-column elementor-element elementor-element-6ef5eda\" data-id=\"6ef5eda\" data-element_type=\"column\" data-e-type=\"column\">\n\t\t\t<div class=\"elementor-widget-wrap elementor-element-populated\">\n\t\t\t\t\t\t<div class=\"elementor-element elementor-element-ca17127 elementor-widget elementor-widget-image\" data-id=\"ca17127\" data-element_type=\"widget\" data-e-type=\"widget\" data-widget_type=\"image.default\">\n\t\t\t\t<div class=\"elementor-widget-container\">\n\t\t\t\t\t\t\t\t\t\t\t\t\t\t\t<img fetchpriority=\"high\" decoding=\"async\" width=\"800\" height=\"171\" src=\"https:\/\/landespflege-freiburg.de\/wp-content\/uploads\/2017\/08\/logo_landespflege_grau_1400-1024x219.png\" class=\"attachment-large size-large wp-image-315\" alt=\"\" srcset=\"https:\/\/landespflege-freiburg.de\/wp-content\/uploads\/2017\/08\/logo_landespflege_grau_1400-1024x219.png 1024w, https:\/\/landespflege-freiburg.de\/wp-content\/uploads\/2017\/08\/logo_landespflege_grau_1400-300x64.png 300w, https:\/\/landespflege-freiburg.de\/wp-content\/uploads\/2017\/08\/logo_landespflege_grau_1400-768x164.png 768w, https:\/\/landespflege-freiburg.de\/wp-content\/uploads\/2017\/08\/logo_landespflege_grau_1400-100x21.png 100w, https:\/\/landespflege-freiburg.de\/wp-content\/uploads\/2017\/08\/logo_landespflege_grau_1400-1200x256.png 1200w, https:\/\/landespflege-freiburg.de\/wp-content\/uploads\/2017\/08\/logo_landespflege_grau_1400.png 1400w\" sizes=\"(max-width: 800px) 100vw, 800px\" \/>\t\t\t\t\t\t\t\t\t\t\t\t\t\t\t<\/div>\n\t\t\t\t<\/div>\n\t\t\t\t\t<\/div>\n\t\t<\/div>\n\t\t\t\t\t<\/div>\n\t\t<\/section>\n\t\t\t\t<section class=\"elementor-section elementor-top-section elementor-element elementor-element-8dd4c15 elementor-section-boxed elementor-section-height-default elementor-section-height-default\" data-id=\"8dd4c15\" data-element_type=\"section\" data-e-type=\"section\">\n\t\t\t\t\t\t<div class=\"elementor-container elementor-column-gap-default\">\n\t\t\t\t\t<div class=\"elementor-column elementor-col-100 elementor-top-column elementor-element elementor-element-f9c33e9\" data-id=\"f9c33e9\" data-element_type=\"column\" data-e-type=\"column\">\n\t\t\t<div class=\"elementor-widget-wrap elementor-element-populated\">\n\t\t\t\t\t\t<div class=\"elementor-element elementor-element-bb6dfa3 elementor-widget elementor-widget-text-editor\" data-id=\"bb6dfa3\" data-element_type=\"widget\" data-e-type=\"widget\" data-widget_type=\"text-editor.default\">\n\t\t\t\t<div class=\"elementor-widget-container\">\n\t\t\t\t\t\t\t\t\t<p>Diese Seite wird aktuell \u00fcberarbeitet. Wir sind so schnell wie m\u00f6glich wieder voll f\u00fcr euch erreichbar.<\/p><p>\u00a0<\/p><p>This page is currently under construction. We will be fully available for you again as soon as possible.<\/p>\t\t\t\t\t\t\t\t<\/div>\n\t\t\t\t<\/div>\n\t\t\t\t<div class=\"elementor-element elementor-element-f46dcad elementor-widget elementor-widget-text-editor\" data-id=\"f46dcad\" data-element_type=\"widget\" data-e-type=\"widget\" data-widget_type=\"text-editor.default\">\n\t\t\t\t<div class=\"elementor-widget-container\">\n\t\t\t\t\t\t\t\t\t<p>feb 2021<\/p>\t\t\t\t\t\t\t\t<\/div>\n\t\t\t\t<\/div>\n\t\t\t\t\t<\/div>\n\t\t<\/div>\n\t\t\t\t\t<\/div>\n\t\t<\/section>\n\t\t\t\t<section class=\"elementor-section elementor-top-section elementor-element elementor-element-8c6ae99 elementor-section-boxed elementor-section-height-default elementor-section-height-default\" data-id=\"8c6ae99\" data-element_type=\"section\" data-e-type=\"section\">\n\t\t\t\t\t\t<div class=\"elementor-container elementor-column-gap-default\">\n\t\t\t\t\t<div class=\"elementor-column elementor-col-100 elementor-top-column elementor-element elementor-element-a4a7fae\" data-id=\"a4a7fae\" data-element_type=\"column\" data-e-type=\"column\">\n\t\t\t<div class=\"elementor-widget-wrap elementor-element-populated\">\n\t\t\t\t\t\t<div class=\"elementor-element elementor-element-05a203d elementor-widget elementor-widget-text-editor\" data-id=\"05a203d\" data-element_type=\"widget\" data-e-type=\"widget\" data-widget_type=\"text-editor.default\">\n\t\t\t\t<div class=\"elementor-widget-container\">\n\t\t\t\t\t\t\t\t\t<p>Contact:<\/p><p class=\"moz-signature\">Landespflege Freiburg &#8211; Institut f\u00fcr Naturschutz\u00f6kologie und Landschaftsmanagement Konold Kaphegyi Wattendorf &amp; Suchomel GbR Freiburg<br \/>Institute for Applied Conservation Ecology and Landscape Management<\/p><p class=\"moz-signature\">Stegener Stra\u00dfe 19, D-79199 Kirchzarten<br \/>phone: 0049-(0)-7661-9890-266<br \/>mobil: 0173 307 8053<\/p>\t\t\t\t\t\t\t\t<\/div>\n\t\t\t\t<\/div>\n\t\t\t\t\t<\/div>\n\t\t<\/div>\n\t\t\t\t\t<\/div>\n\t\t<\/section>\n\t\t\t\t<\/div>","protected":false},"excerpt":{"rendered":"<p>Diese Seite wird aktuell \u00fcberarbeitet. Wir sind so schnell wie m\u00f6glich wieder voll f\u00fcr euch erreichbar. \u00a0 This page is currently under construction. We will be fully available for you again as soon as possible. feb 2021 Kontakt: Landespflege Freiburg &#8211; Institut f\u00fcr Naturschutz\u00f6kologie und Landschaftsmanagement Konold Kaphegyi Wattendorf &amp; Suchomel GbR FreiburgInstitute for Applied [&hellip;]<\/p>\n","protected":false},"author":7,"featured_media":0,"parent":0,"menu_order":0,"comment_status":"closed","ping_status":"closed","template":"elementor_canvas","meta":{"footnotes":""},"class_list":["post-852","page","type-page","status-publish","hentry"],"_links":{"self":[{"href":"https:\/\/landespflege-freiburg.de\/en\/wp-json\/wp\/v2\/pages\/852","targetHints":{"allow":["GET"]}}],"collection":[{"href":"https:\/\/landespflege-freiburg.de\/en\/wp-json\/wp\/v2\/pages"}],"about":[{"href":"https:\/\/landespflege-freiburg.de\/en\/wp-json\/wp\/v2\/types\/page"}],"author":[{"embeddable":true,"href":"https:\/\/landespflege-freiburg.de\/en\/wp-json\/wp\/v2\/users\/7"}],"replies":[{"embeddable":true,"href":"https:\/\/landespflege-freiburg.de\/en\/wp-json\/wp\/v2\/comments?post=852"}],"version-history":[{"count":10,"href":"https:\/\/landespflege-freiburg.de\/en\/wp-json\/wp\/v2\/pages\/852\/revisions"}],"predecessor-version":[{"id":864,"href":"https:\/\/landespflege-freiburg.de\/en\/wp-json\/wp\/v2\/pages\/852\/revisions\/864"}],"wp:attachment":[{"href":"https:\/\/landespflege-freiburg.de\/en\/wp-json\/wp\/v2\/media?parent=852"}],"curies":[{"name":"wp","href":"https:\/\/api.w.org\/{rel}","templated":true}]}}

<div data-elementor-type="wp-page" data-elementor-id="852" class="elementor elementor-852" data-elementor-post-type="page">
						<section class="elementor-section elementor-top-section elementor-element elementor-element-4f3a49d elementor-section-boxed elementor-section-height-default elementor-section-height-default" data-id="4f3a49d" data-element_type="section" data-e-type="section" data-settings="{&quot;background_background&quot;:&quot;classic&quot;}">
						<div class="elementor-container elementor-column-gap-default">
					<div class="elementor-column elementor-col-100 elementor-top-column elementor-element elementor-element-e315f17" data-id="e315f17" data-element_type="column" data-e-type="column">
			<div class="elementor-widget-wrap">
							</div>
		</div>
					</div>
		</section>
				<section class="elementor-section elementor-top-section elementor-element elementor-element-fbf58f5 elementor-section-boxed elementor-section-height-default elementor-section-height-default" data-id="fbf58f5" data-element_type="section" data-e-type="section">
						<div class="elementor-container elementor-column-gap-default">
					<div class="elementor-column elementor-col-100 elementor-top-column elementor-element elementor-element-6ef5eda" data-id="6ef5eda" data-element_type="column" data-e-type="column">
			<div class="elementor-widget-wrap elementor-element-populated">
						<div class="elementor-element elementor-element-ca17127 elementor-widget elementor-widget-image" data-id="ca17127" data-element_type="widget" data-e-type="widget" data-widget_type="image.default">
				<div class="elementor-widget-container">
															<img fetchpriority="high" decoding="async" width="800" height="171" src="https://landespflege-freiburg.de/wp-content/uploads/2017/08/logo_landespflege_grau_1400-1024x219.png" class="attachment-large size-large wp-image-315" alt="" srcset="https://landespflege-freiburg.de/wp-content/uploads/2017/08/logo_landespflege_grau_1400-1024x219.png 1024w, https://landespflege-freiburg.de/wp-content/uploads/2017/08/logo_landespflege_grau_1400-300x64.png 300w, https://landespflege-freiburg.de/wp-content/uploads/2017/08/logo_landespflege_grau_1400-768x164.png 768w, https://landespflege-freiburg.de/wp-content/uploads/2017/08/logo_landespflege_grau_1400-100x21.png 100w, https://landespflege-freiburg.de/wp-content/uploads/2017/08/logo_landespflege_grau_1400-1200x256.png 1200w, https://landespflege-freiburg.de/wp-content/uploads/2017/08/logo_landespflege_grau_1400.png 1400w" sizes="(max-width: 800px) 100vw, 800px" />															</div>
				</div>
					</div>
		</div>
					</div>
		</section>
				<section class="elementor-section elementor-top-section elementor-element elementor-element-8dd4c15 elementor-section-boxed elementor-section-height-default elementor-section-height-default" data-id="8dd4c15" data-element_type="section" data-e-type="section">
						<div class="elementor-container elementor-column-gap-default">
					<div class="elementor-column elementor-col-100 elementor-top-column elementor-element elementor-element-f9c33e9" data-id="f9c33e9" data-element_type="column" data-e-type="column">
			<div class="elementor-widget-wrap elementor-element-populated">
						<div class="elementor-element elementor-element-bb6dfa3 elementor-widget elementor-widget-text-editor" data-id="bb6dfa3" data-element_type="widget" data-e-type="widget" data-widget_type="text-editor.default">
				<div class="elementor-widget-container">
									<p>Diese Seite wird aktuell überarbeitet. Wir sind so schnell wie möglich wieder voll für euch erreichbar.</p><p> </p><p>This page is currently under construction. We will be fully available for you again as soon as possible.</p>								</div>
				</div>
				<div class="elementor-element elementor-element-f46dcad elementor-widget elementor-widget-text-editor" data-id="f46dcad" data-element_type="widget" data-e-type="widget" data-widget_type="text-editor.default">
				<div class="elementor-widget-container">
									<p>feb 2021</p>								</div>
				</div>
					</div>
		</div>
					</div>
		</section>
				<section class="elementor-section elementor-top-section elementor-element elementor-element-8c6ae99 elementor-section-boxed elementor-section-height-default elementor-section-height-default" data-id="8c6ae99" data-element_type="section" data-e-type="section">
						<div class="elementor-container elementor-column-gap-default">
					<div class="elementor-column elementor-col-100 elementor-top-column elementor-element elementor-element-a4a7fae" data-id="a4a7fae" data-element_type="column" data-e-type="column">
			<div class="elementor-widget-wrap elementor-element-populated">
						<div class="elementor-element elementor-element-05a203d elementor-widget elementor-widget-text-editor" data-id="05a203d" data-element_type="widget" data-e-type="widget" data-widget_type="text-editor.default">
				<div class="elementor-widget-container">
									<p>Contact:</p><p class="moz-signature">Landespflege Freiburg &#8211; Institut für Naturschutzökologie und Landschaftsmanagement Konold Kaphegyi Wattendorf &amp; Suchomel GbR Freiburg<br />Institute for Applied Conservation Ecology and Landscape Management</p><p class="moz-signature">Stegener Straße 19, D-79199 Kirchzarten<br />phone: 0049-(0)-7661-9890-266<br />mobil: 0173 307 8053</p>								</div>
				</div>
					</div>
		</div>
					</div>
		</section>
				</div>

<p>Diese Seite wird aktuell überarbeitet. Wir sind so schnell wie möglich wieder voll für euch erreichbar.   This page is currently under construction. We will be fully available for you again as soon as possible. feb 2021 Kontakt: Landespflege Freiburg &#8211; Institut für Naturschutzökologie und Landschaftsmanagement Konold Kaphegyi Wattendorf &amp; Suchomel GbR FreiburgInstitute for Applied [&hellip;]</p>
